et u be a(-3). Determine x(u).
3
Let o(g) = 38*g**3 + g**2 + 2*g - 4. Suppose -182*m + 183*m - 4 = d, 0 = -4*d + m - 1. What is o(d)?
37
Suppose 1 = 2*t + 5*i + 14, 2*t - 2 = -2*i. Let s(m) = -m + 2*m - 94856 + 94854. Determine s(t).
4
Let m(a) = 4*a**2 - 23*a - 17. Let f be m(-6). Let y = 257 - f. Let i(u) = u**2 + 6*u - 10. Give i(y).
6
Let w(l) = 9 - 2109*l - 5 + 10 + 2102*l. Determine w(-5).
49
Suppose -2*i = -3*j - 322, 4*i + 3*j - 534 = 110. Let c = 163 - i. Let z(f) = -3*f**2 - 2*f - 1. Give z(c).
-17
Let k(u) = 33061*u - 11*u**2 - 4 - 33055*u + 13*u**2. Determine k(-8).
76
Let x(o) = 2*o**2 + o - 3. Let k(i) = 19*i + 30. Let s be k(5). Let u be (-3)/12 - s/(-20). Suppose u*r = -21 + 3. Give x(r).
12
Let j(l) = 9*l + 489. Let c(q) = 33. Let d(o) = 15*c(o) - j(o). Determine d(1).
-3
Let q(h) be the third derivative of 1/120*h**6 + 1/8*h**4 - 5/6*h**3 + 1/30*h**5 + 0 + 0*h + 36*h**2. What is q(-4)?
-49
Let x(k) = 119*k - 6 - 94*k - 24*k. What is x(1)?
-5
Let p(b) = -6*b - 15. Let f = 662 + -664. Let m be p(f). Let q(g) = -3 - 1 + 9*g + 3. Give q(m).
-28
Let m(s) = s**3 - 15*s**2 - 18*s - 6. Let w = 42 + -26. Let f be m(w). Let q = 33 + f. Let x(k) = -k - 1. Determine x(q).
4
Let v be (36/16)/((-3)/8). Let g(u) = -15*u - 89. What is g(v)?
1
Let c(v) be the second derivative of v**5/60 + 5*v**4/24 - 7*v**3/6 - 215*v**2/2 + 6*v - 4. Let f(r) be the first derivative of c(r). What is f(-6)?
-1
Let i(k) = -k**3 + 17*k**2 - 16*k - 11. Let n = -325 + 345. Suppose -n = -5*s + 60. Calculate i(s).
-11
Let y(m) be the third derivative of -m**5/60 - 17*m**4/24 - 7*m**3/3 - 582*m**2. Calculate y(-16).
2
Let x = 0 - 0. Let i(z) = -445*z**3 + 2*z**2 - 2. Let l(k) = 1557*k**3 - 7*k**2 + 6. Let b(o) = 7*i(o) + 2*l(o). Determine b(x).
-2
Let r = -4133 + 4132. Let s(u) = -83*u**3 - u**2 + 1. Give s(r).
83
Let k(j) = -4*j + 1. Let v = 2 + -1. Let n(q) = 7*q + 5. Let o(w) = 4*w + 2. Let m(a) = -n(a) + 2*o(a). Let s(b) = v*k(b) + 2*m(b). What is s(3)?
-7
Let q(b) be the first derivative of b**2/2 - 9*b - 64. Suppose -5*x - 7 = m - 2*x, 0 = 4*m + 4*x + 36. Calculate q(m).
-19
Let f(u) = 2*u**2 + 38*u - 83. Let a(j) = -49*j + 322. Let z be a(7). Calculate f(z).
1
Let f(o) be the second derivative of 1/10*o**5 - 2 - 1/12*o**4 + o**2 + 7*o - 1/2*o**3. Determine f(3).
38
Suppose -16 = 4*q - 2*z, 2*q + 2*q + 36 = -3*z. Let t(p) = -26*p + 138. Let f be t(5). Let n(w) = -7*w**3 + 5*w**2 + 8*w**3 - f*w + 3*w + 2*w. Give n(q).
-18
Let i be 2/(12 - (19 - 9)). Suppose 5*m - 70 = -0*m. Let o(t) = 13*t - m*t - 3 + 5 + i. Determine o(-3).
6
Suppose 5*d + 56 = 376. Let t = d + -68. Let m(o) = o**2 + o - 7. Let q(i) = i + 1. Let z(u) = t*q(u) - m(u). Determine z(-5).
3
Let d be (-44)/6 + (-2)/(-6). Let s(i) = -2*i**2 - 146*i - 14. Let j(y) = -y**2 - 60*y - 8. Let q(n) = 5*j(n) - 2*s(n). Determine q(d).
-5
Let b(v) = 6*v**3 - 141*v**2 + 15*v - 6. Let n(q) = -11*q**3 + 256*q**2 - 30*q + 12. Let s(w) = 9*b(w) + 5*n(w). What is s(9)?
33
Let o be -11 + 6/6 - -1. Let r(s) be the first derivative of s**3/3 - s**2/2 + 7*s - 1. Let v(k) = -4*k**2 + 5*k - 28. Let z(t) = o*r(t) - 2*v(t). What is z(0)?
-7
Let p(z) be the second derivative of z**4/12 - 22*z**3/3 - 97*z**2/2 + 51*z - 28. Calculate p(46).
-5
Let n(c) = -c**3 - 4*c**2 + 7*c + 4. Suppose 0 = 3*i + 16*i - 171. Let w be (9 - i) + (-7 - -2). Calculate n(w).
-6
Let h(l) = -2*l**2 - 6*l + 12. Let s = 569 - 567. Give h(s).
-8
Suppose 2*n - 2*l + 10 = 2*l, 3*n + 2*l = 9. Let m = -52 + 55. Let f(d) = -45 + 18*d**m - 2*d - 41 + 2*d**2 + 87. Give f(n).
19
Let f(z) = -13*z - 13. Let u(n) be the first derivative of -5*n**2 - 12*n + 19. Let y(v) = -3*f(v) + 4*u(v). Calculate y(-4).
-5
Let c(n) = -4*n - 25. Let j(l) = 2*l + 13. Let y be (-2*22 - 4) + 4. Let b = y - -55. Let i(u) = b*j(u) + 6*c(u). What is i(-6)?
5
Suppose -128 = -5*f - 78. Let r(z) = 0*z**3 + z**2 + 3*z - z**3 + 4*z**2 - f*z**2 - 4. Determine r(-6).
14
Suppose 0 = -3*i + 2*i - 9. Let c(y) = 7*y**2 - 14*y - 15. Let l be c(-1). Let w(f) = 15 - 2 + 2*f + 9*f + l + f**2 - 6. Determine w(i).
-5
Let u(q) = -11*q + 47. Let c be u(4). Suppose -2*y + c*y + 16 = 3*l, -5 = 5*y. Let t(b) = b - 2. What is t(l)?
3
Suppose -2*g = 4*p + 30, -4*g - 8 - 31 = 5*p. Let s(c) = 75*c**2 + 4*c + 3. Give s(g).
74
Let m(a) = a**3 + 15*a**2 - 57*a - 53. Let q be m(-18). Suppose -5*d + 5*y + 34 = 4*y, 3*d + 4*y = 2. Let j(k) = -q + 2 - d*k + k**2 - 2. Give j(6).
-1
Let a be ((-100)/108 - (2 + 156/(-81)))/1. Let f(b) = 25*b**3 - b**2 + 1. Determine f(a).
-25
Let q(l) = -2*l**2 + 21 + 24*l - 5*l**2 - l + 23 + 6*l**2. Determine q(25).
-6
Let i(s) = -s**3 + 8*s**2 - 7*s - 1. Suppose 9*u - 3 = 8*u - 4*v, 3*u + v = 9. What is i(u)?
23
Let k(r) be the first derivative of r**4/4 - 8*r**3/3 - 2*r**2 - 4*r + 3236. Give k(8).
-36
Let s = -509 + 970. Let w = 463 - s. Let k(j) = 4*j - 2. Give k(w).
6
Let x(c) = -3*c + 47. Let k be x(13). Let q(b) = b**2 - 13*b - 11. Calculate q(k).
-51
Let m = -11631 + 11666. Let y(v) = -3*v + 106. What is y(m)?
1
Let s(i) be the second derivative of i**4/6 + 3*i**3/2 - 22*i**2 - i + 1443. Calculate s(-7).
-9
Let n(d) = -11361 + 22703 - 11341 + 2*d**2 + d. Let b = -3 + 5. Give n(b).
11
Let l(r) = -7*r**3 + 23*r**2 + 25*r - 10. Let p(n) = 4*n**3 - 12*n**2 - 13*n + 5. Suppose -35*b = -2*b - 165. Let u(o) = b*p(o) + 3*l(o). What is u(10)?
-5
Let x = -33 - -42. Suppose -2*w = -x + 1. Let i(r) = -4*r + r**2 + w - 1 - 11. What is i(6)?
4
Let k(s) = s**3 - s + 1. Let c(d) = d. Let f(a) = 2*a - 1. Let n(q) = -5*c(q) + 2*f(q). Let u be n(-5). Let t be (0/u)/(1 + -2). What is k(t)?
1
Let w(p) = -250 - 6*p + 242 - 2*p. Let q(j) = 2*j - 1. Let y(g) = 2*q(g) + w(g). Determine y(-8).
22
Let d(w) = -9*w**3 - 20*w**2 + 7*w + 12. Let r(x) = -5*x**3 + 7*x**3 + 4*x - 7*x + 2*x**3 + 9*x**2 - 6. Let a(v) = 3*d(v) + 7*r(v). What is a(-3)?
-6
Let a be 10/(-1100)*11 - (-722)/20. Let d(c) = 4*c - 140. What is d(a)?
4
Suppose -6*n - 190 = 548. Let z = n + 93. Let h be 45/z + (-1)/(-2). Let i(w) = -7*w + 1. Determine i(h).
8
Let p be (1 + 8)*(7 - 472/72). Suppose 111 = -41*i + p*i. Let w(t) = t**3 + 2*t**2 - 5*t - 2. Calculate w(i).
4
Let s(m) = m**3 + 5*m**2 - 3*m**2 - 2 + 2*m**2. Suppose 3*q + 0*q = -90. Let i be (-10)/4 - (q/(-4))/5. What is s(i)?
-2
Let q(m) be the first derivative of -12 - 16*m**3 + 1/2*m**2 - m. Calculate q(1).
-48
Let x(v) = -19459*v**2 + 38934*v**2 - 2*v + 5*v**3 - 19474*v**2 + 1. What is x(1)?
5
Let w(j) be the third derivative of j**8/6720 + j**6/720 - j**5/30 - 49*j**4/24 - j**3/3 - 15*j**2. Let s(u) be the second derivative of w(u). What is s(0)?
-4
Suppose -o - 1 - 3 = -3*c, 4*o - 26 = -2*c. Suppose 2*q - 2*m + c = -1, q = -3*m + 10. Let r(n) = q + 6 + n - 8. Determine r(5).
4
Let a(h) be the second derivative of -h**3/6 + 3*h**2 - 165926*h. Let v(y) = y**3 - 3*y**2 + 2. Let o be v(3). Determine a(o).
4
Let l be (-1104)/6256 - 6/(-34). Let y(u) be the second derivative of 2/3*u**3 + 20*u + 0*u**2 + l. Determine y(2).
8
Let u(x) = -x**2 - 4*x + 6. Let m(c) = c**2 + 3*c + 2. Let h be m(0). Let d be h + -1 + -1 + 15. Suppose 5*j = -15 - d. Calculate u(j).
-6
Suppose 4*s = -i + 51, 4*i + 776*s + 69 = 781*s. Let t(l) = -l**2 - 3*l - 1. Let r(w) = 0*w - 1 - w - w**2 - 2*w. Let u(a) = 3*r(a) - 4*t(a). Determine u(i).
-1
Let s(n) be the third derivative of n**6/120 - 2*n**5/15 + n**4/3 + 988*n**2. Calculate s(6).
-24
Let l = 98 + -91. Suppose -3*h + l*h = -5*d + 1, 0 = -4*h - 4*d + 4. Let o(z) = -4*z + 7. Let c(j) = 3*j - 7. Let v(t) = h*o(t) + 5*c(t). What is v(0)?
-7
Let f be 64/72 - 37/(-9). Let z(d) = -11*d + 61. Determine z(f).
6
Let u(l) = 3*l**2 - 13*l - 14. Let g(z) = -550*z - 3843. Let x be g(-7). Give u(x).
42
Let a(m) be the first derivative of -m**4/4 - 2*m**3 - 5*m**2/2 - 6*m - 177. Let o be (-1 - -3)/1 - 4. Let v be (10/2)/(-3 - o). What is a(v)?
-6
Let n be -8*(-15 + (28 - 14)). Let j(r) = r**3 - 8*r**2 + 10*r + 8. Determine j(n).
88
Let a(t) = -117*t + 108*t + 2 + 3*t**2 + t**3 - 8. Calculate a(-5).
-11
Let l(b) = -2*b**3 - 91*b**2 - 46*b - 46. Let z be l(-45). Let g(d) = d + d - 5 - 8*d - 10*d**2. Let f be g(z). Let j(t) = t + 8. Determine j(f).
-1
Let n(p) = p**2 + 8*p + 70. Let z(o) = o + 1. Let a(l) = -n(l) + 4*z(l). Let b(w) be the first derivative of a(w). Cal